 of 4020.
2, 3, 5, 67
List the prime factors of 717.
3, 239
What are the prime factors of 9165?
3, 5, 13, 47
What are the prime factors of 3055?
5, 13, 47
What are the prime factors of 1015?
5, 7, 29
What are the prime factors of 6969?
3, 23, 101
List the prime factors of 68663.
7, 17, 577
List the prime factors of 64772.
2, 16193
List the prime factors of 6407.
43, 149
What are the prime factors of 95928?
2, 3, 7, 571
List the prime factors of 42653.
13, 17, 193
What are the prime factors of 6639?
3, 2213
What are the prime factors of 9327?
3, 3109
What are the prime factors of 48476?
2, 12119
List the prime factors of 127.
127
What are the prime factors of 3381?
3, 7, 23
List the prime factors of 80091.
3, 11, 809
What are the prime factors of 7946?
2, 29, 137
What are the prime factors of 586?
2, 293
List the prime factors of 27590.
2, 5, 31, 89
What are the prime factors of 9880?
2, 5, 13, 19
List the prime factors of 16319.
16319
List the prime factors of 2782.
2, 13, 107
What are the prime factors of 73?
73
List the prime factors of 615.
3, 5, 41
What are the prime factors of 2973?
3, 991
List the prime factors of 9683.
23, 421
List the prime factors of 22356.
2, 3, 23
What are the prime factors of 3216?
2, 3, 67
List the prime factors of 782.
2, 17, 23
List the prime factors of 691.
691
List the prime factors of 3695.
5, 739
List the prime factors of 4050.
2, 3, 5
List the prime factors of 2871.
3, 11, 29
List the prime factors of 14754.
2, 3, 2459
What are the prime factors of 26809?
17, 19, 83
What are the prime factors of 41770?
2, 5, 4177
List the prime factors of 1122.
2, 3, 11, 17
List the prime factors of 162.
2, 3
List the prime factors of 1951.
1951
List the prime factors of 7865.
5, 11, 13
What are the prime factors of 337?
337
What are the prime factors of 24627?
3, 8209
What are the prime factors of 1298?
2, 11, 59
List the prime factors of 7256.
2, 907
What are the prime factors of 57720?
2, 3, 5, 13, 37
List the prime factors of 3990.
2, 3, 5, 7, 19
List the prime factors of 10175.
5, 11, 37
List the prime factors of 1757.
7, 251
List the prime factors of 24426.
2, 3, 23, 59
What are the prime factors of 636?
2, 3, 53
What are the prime factors of 58939?
17, 3467
List the prime factors of 2845.
5, 569
What are the prime factors of 38661?
3, 7, 263
List the prime factors of 1523.
1523
List the prime factors of 150798.
2, 3, 41, 613
List the prime factors of 908.
2, 227
List the prime factors of 49553.
7, 7079
What are the prime factors of 6508?
2, 1627
What are the prime factors of 33449?
13, 31, 83
List the prime factors of 30031.
59, 509
What are the prime factors of 100470?
2, 3, 5, 17, 197
What are the prime factors of 10687?
10687
List the prime factors of 7224.
2, 3, 7, 43
What are the prime factors of 5082?
2, 3, 7, 11
What are the prime factors of 4628?
2, 13, 89
What are the prime factors of 11612?
2, 2903
List the prime factors of 2502.
2, 3, 139
What are the prime factors of 3399?
3, 11, 103
List the prime factors of 758.
2, 379
List the prime factors of 8405.
5, 41
List the prime factors of 7.
7
What are the prime factors of 1062?
2, 3, 59
What are the prime factors of 28869?
3, 9623
What are the prime factors of 709?
709
What are the prime factors of 162?
2, 3
List the prime factors of 1015.
5, 7, 29
What are the prime factors of 27137?
11, 2467
List the prime factors of 6574.
2, 19, 173
What are the prime factors of 5987?
5987
What are the prime factors of 29315?
5, 11, 13, 41
What are the prime factors of 54624?
2, 3, 569
List the prime factors of 4257.
3, 11, 43
List the prime factors of 16990.
2, 5, 1699
What are the prime factors of 100607?
13, 71, 109
List the prime factors of 162.
2, 3
What are the prime factors of 15017?
15017
What are the prime factors of 65053?
65053
List the prime factors of 12521.
19, 659
List the prime factors of 64.
2
What are the prime factors of 37547?
37547
What are the prime factors of 64?
2
What are the prime factors of 10686?
2, 3, 13, 137
What are the prime factors of 4673?
4673
List the prime factors of 144.
2, 3
What are the prime factors of 15?
3, 5
List the prime factors of 558.
2, 3, 31
What are the prime factors of 4446?
2, 3, 13, 19
What are the prime factors of 12828?
2, 3, 1069
List the prime factors of 947.
947
What are the prime factors of 967?
967
What are the prime factors of 9764?
2, 2441
What are the prime factors of 11?
11
List the prime factors of 122044.
2, 13, 2347
What are the prime factors of 19992?
2, 3, 7, 17
What are the prime factors of 4216?
2, 17, 31
List the prime factors of 8002.
2, 4001
List the prime factors of 574.
2, 7, 41
What are the prime factors of 2149?
7, 307
What are the prime factors of 2511?
3, 31
What are the prime factors of 1773?
3, 197
List the prime factors of 9613.
9613
What are the prime factors of 7804?
2, 1951
What are the prime factors of 728?
2, 7, 13
List the prime factors of 16180.
2, 5, 809
What are the prime factors of 3602?
2, 1801
List the prime factors of 4295.
5, 859
What are the prime factors of 14051?
14051
List the prime factors of 10239.
3, 3413
What are the prime factors of 3725?
5, 149
What are the prime factors of 2325?
3, 5, 31
What are the prime factors of 944?
2, 59
List the prime factors of 542.
2, 271
List the prime factors of 56008.
2, 7001
What are the prime factors of 14179?
11, 1289
What are the prime factors of 9352?
2, 7, 167
What are the prime factors of 27673?
27673
What are the prime factors of 2935?
5, 587
What are the prime factors of 1630?
2, 5, 163
List the prime factors of 36240.
2, 3, 5, 151
What are the prime factors of 54497?
54497
What are the prime factors of 58583?
7, 8369
List the prime factors of 161.
7, 23
What are the prime factors of 1394?
2, 17, 41
What are the prime factors of 302?
2, 151
What are the prime factors of 27513?
3, 1019
List the prime factors of 854.
2, 7, 61
What are the prime factors of 47165?
5, 9433
List the prime factors of 2332.
2, 11, 53
What are the prime factors of 8139?
3, 2713
List the prime factors of 74621.
71, 1051
What are the prime factors of 6322?
2, 29, 109
List the prime factors of 8253.
3, 7, 131
List the prime factors of 1296.
2, 3
What are the prime factors of 24180?
2, 3, 5, 13, 31
What are the prime factors of 60947?
59, 1033
What are the prime factors of 49303?
47, 1049
What are the prime factors of 157?
157
What are the prime factors of 16944?
2, 3, 353
What are the prime factors of 3547?
3547
List the prime factors of 2046.
2, 3, 11, 31
List the prime factors of 3749.
23, 163
What are the prime factors of 553?
7, 79
What are the prime factors of 43462?
2, 31, 701
List the prime factors of 11347.
7, 1621
What are the prime factors of 112402?
2, 43, 1307
What are the prime factors of 6745?
5, 19, 71
What are the prime factors of 1445?
5, 17
What are the prime factors of 7650?
2, 3, 5, 17
What are the prime factors of 8?
2
List the prime factors of 3954.
2, 3, 659
What are the prime factors of 33995?
5, 13, 523
List the prime factors of 3756.
2, 3, 313
List the prime factors of 1007.
19, 53
What are the prime factors of 1530?
2, 3, 5, 17
What are the prime factors of 63323?
13, 4871
List the prime factors of 2921.
23, 127
List the prime factors of 69528.
2, 3, 2897
What are the prime factors of 648?
2, 3
List the prime factors of 885.
3, 5, 59
What are the prime factors of 9533?
9533
List the prime factors of 3251.
3251
List the prime factors of 6057.
3, 673
List the prime factors of 1764.
2, 3, 7
List the prime factors of 4293.
3, 53
What are the prime factors of 91?
7, 13
What are the prime factors of 1946?
2, 7, 139
What are the prime factors of 22199?
79, 281
What are the prime factors of 217?
7, 31
List the prime factors of 42143.
17, 37, 67
What are the prime factors of 1216?
2, 19
List the prime factors of 25751.
11, 2341
What are the prime factors of 755?
5, 151
List the prime factors of 13279.
7, 271
What are the prime factors of 183?
3, 61
What are the prime factors of 785?
5, 157
What are the prime factors of 270?
2, 3, 5
List the prime factors of 2453.
11, 223
What are the prime factors of 21748?
2, 5437
List the prime factors of 4729.
4729
List the prime factors of 2071.
19, 109
What are the prime factors of 42978?
2, 3, 